2*i = q - 95. Let x be (-12)/(2/(28/3)). Let a = q + x. What are the prime factors of a?
3, 13
Let d(i) be the third derivative of -i**6/120 + i**5/12 - i**4/24 + i**3/2 - 3*i**2. Let w be d(5). List the prime factors of 2 + -2 + w - -45.
43
Let h(s) = -s**2 - s - 555. Let x be h(0). List the prime factors of x/(-12) - (-2)/(-8).
2, 23
Suppose 43*t = 48*t - 1020. List the prime factors of t.
2, 3, 17
Let v(b) = -45*b + 592. List the prime factors of v(-60).
2, 823
Let n = -6 - -20. Suppose -w - 6 = -n. List the prime factors of w.
2
Suppose 4 = 2*c - c. Suppose c*i + i - 355 = 0. List the prime factors of i.
71
Suppose 11*q - 9 = 8*q. Let v(s) = -s**q + 1 - 8 - 4*s**2 + 0*s**2 + 2*s. List the prime factors of v(-6).
53
Suppose -20 = 5*j - k - 140, -24 = -j - 2*k. Let b = 48 - j. Suppose 2*p - p = b. What are the prime factors of p?
2, 3
Let y(o) = 2*o**2 + o - 9. List the prime factors of y(16).
3, 173
Suppose -4*n + 4772 = 4*s, 0 = -4*n - 8*s + 3*s + 4773. What are the prime factors of n?
2, 149
Let a = 71 + -67. Suppose -4*f + q + 793 = 0, 0 = -a*q - 4. What are the prime factors of f?
2, 3, 11
Let y(x) = -12*x**2 + 4*x**2 + 7*x**2 - 13*x + 16. List the prime factors of y(-7).
2, 29
Suppose 2*a - 210 - 146 = 0. What are the prime factors of a?
2, 89
Suppose 0*u + 2*u = -4, -2*u = -5*y + 74. Let x = 36 + y. Let q = 102 - x. List the prime factors of q.
2, 13
List the prime factors of ((-1640)/14)/(7/(-245)).
2, 5, 41
List the prime factors of -161*-2*(-25)/(-10).
5, 7, 23
Suppose -38*p + 40*p - 72 = 0. Suppose 5*i - p - 252 = -v, 0 = -v + 3. List the prime factors of i.
3, 19
Suppose q - 1 - 3 = 0. Suppose -b - 5*v - 2 = 4, q*b = 4*v - 24. Let n = 16 + b. List the prime factors of n.
2, 5
Suppose 41 = r - 0*v - 2*v, 0 = -3*r + 5*v + 126. Let f = -18 + r. What are the prime factors of f?
29
Suppose -2*i = -o - 18, -5*o + o + 5*i - 63 = 0. Let u be o/18*3/2. List the prime factors of 1 + (-12)/(u + -3).
2
Suppose -42*x = -35836 - 56060. What are the prime factors of x?
2, 547
Let b = -4 - -6. Let w be 1/(-1)*-1*b. Suppose w*f - 5 = 25. What are the prime factors of f?
3, 5
What are the prime factors of 4 + (-2586)/(-4 + 15/6)?
2, 3
Suppose -k - 770 = -6*k. Suppose k = -0*w + 2*w. What are the prime factors of w?
7, 11
Let v(y) = -26*y + 13. Let u be v(-2). Let d = u + 161. What are the prime factors of d?
2, 113
Suppose 0*g - 3*t = 5*g - 878, 5*g = t + 894. List the prime factors of g.
2, 89
Suppose 22 = 2*i + 3*j, i + 4*j = 9 + 12. Suppose i*r + 15 = 0, 0 = -0*w - 2*w + 4*r + 192. List the prime factors of w.
2, 3, 5
Let d(r) = -r**3 + 16*r**2 + 48*r - 27. List the prime factors of d(-8).
3, 5
Let q(g) = g**3 + g**2 - 35*g + 80. What are the prime factors of q(13)?
11, 181
Let p be (1/(1/3))/((-3)/4). List the prime factors of ((-12)/(-9))/(5/((-3570)/p)).
2, 7, 17
Let q be (0 + 0/2)/(-2). Suppose 4*u = -4*f + 28, 0 = 5*u - q*f - 2*f. Let v(p) = 9*p - 3. What are the prime factors of v(u)?
3, 5
Suppose -30*k + 126056 = 16016. What are the prime factors of k?
2, 7, 131
Let n = 1586 + -157. List the prime factors of n.
1429
Let h(a) = a**2 - 10*a + 14. Let u be h(10). Let q = 24 - u. Suppose 8 = 2*l - q. List the prime factors of l.
3
Suppose 5*u + 5*c = c - 88, -2*u - 4*c = 28. Let i be (-2490)/u*(-4)/(-6). Let j = -48 + i. List the prime factors of j.
5, 7
Let f be (-38)/(-14) + 24/84. Let l(w) = 12*w**2 - 6*w + 6. What are the prime factors of l(f)?
2, 3
Suppose 0 = -h - d + 16, -2*h + 49 = d + 18. Let x be ((-10)/h)/(2/(-6)). Suppose -x*r - 2 = -6. What are the prime factors of r?
2
Let p = 463 + -97. What are the prime factors of p?
2, 3, 61
Suppose 0 = 11*s + s - 24. Suppose -7*n - s*k = -10*n + 54, -61 = -4*n - k. What are the prime factors of n?
2
Suppose 3*b + 1542 = 4*p - 2*b, -b + 1942 = 5*p. List the prime factors of p.
2, 97
Suppose 12*o - 76437 = -18285. List the prime factors of o.
2, 2423
Let j be (3/(-6))/((-8)/48). List the prime factors of (j*(-2)/(-6))/((-1)/(-25)).
5
Let d(r) = 98*r**2 + 2*r + 1. Let s(l) = l**2 - 15*l + 35. Let y be s(12). List the prime factors of d(y).
97
Let n = -25 - -367. What are the prime factors of n?
2, 3, 19
Let z(y) = 16*y + 13. Let d(t) = 2*t - 37. Let i be d(24). What are the prime factors of z(i)?
3, 7
Let x be -10 + (-2 + 4)*1. Let l = x - -9. List the prime factors of 124/16 + l/4.
2
List the prime factors of (-3)/(-15) + (-32076)/(-20).
2, 401
Let h be (-782)/(-4) - 3/(-6). Suppose 20 = -4*s, -5*d - s + h = -2*d. List the prime factors of d.
67
Suppose 4*l - 3464 = 4*w, -3*l + 7*w - 11*w = -2605. What are the prime factors of l?
3, 17
Let r(y) = 6*y**3 - y**2 + 3*y + 3. Let a be r(-3). Let h = -101 - a. What are the prime factors of h?
2, 19
Let b = 23 - 19. Suppose 92 = 5*p + b*h, 3*h + 2 + 4 = 0. List the prime factors of p.
2, 5
Suppose 157*v + 308 = 164*v. List the prime factors of v.
2, 11
Suppose d - 4*b - 1386 = -2*d, -1386 = -3*d + 5*b. List the prime factors of d.
2, 3, 7, 11
Let a be 4 + 3 + -3 + 1. Suppose -5*k + 5 = 0, 0 = -2*m + k + 3 + 4. Suppose -m*o - a = -13. List the prime factors of o.
2
Suppose 0 = -9*h + 13*h - 556. Let l = 271 - h. List the prime factors of l.
2, 3, 11
Suppose 72 = n + 5*n. Let h(r) be the third derivative of -r**5/60 + r**4/2 + 7*r**3/3 - 3*r**2. List the prime factors of h(n).
2, 7
Suppose 1 = -3*f - 5. Let c(d) = -d. Let k be c(f). Suppose k*s = 4*u + 16, -2*s = -u + 2*u - 31. What are the prime factors of s?
2, 7
Let q(u) = u**3 + 3*u**2 + 7*u + 12. Let m be q(-2). Suppose m*v = 30 + 388. List the prime factors of v.
11, 19
Let m = 3 + -3. Suppose -o = 4*k - 7, m*k + 17 = 4*o + 5*k. Suppose -o*y = -19 - 5. What are the prime factors of y?
2
Suppose -230*h - 5908 = -237*h. List the prime factors of h.
2, 211
Suppose 3*o + 0 + 0 = 0. Suppose z - 4 = o, 116 - 492 = -4*f + z. List the prime factors of f.
5, 19
Suppose 22530 = -1115*h + 1121*h. List the prime factors of h.
5, 751
Suppose 0*q - q = 70. Let u = q - -159. What are the prime factors of u?
89
Suppose -5*j - 2*p = -0 - 2, -22 = -5*j + 3*p. Suppose 66 = j*a + 12. List the prime factors of a.
3
Let o(i) = -9 + 3 - 20*i - 2*i. Let t be o(-4). Suppose t = 4*x - 26. List the prime factors of x.
3
Suppose -h = -3*p - 19, 4*h - 28 = 4*p + 56. Let l be (-3)/6*(h - 0). What are the prime factors of 2/l - (-2916)/66?
2, 11
Suppose 8*v = 2 + 14. Suppose 5*z = v*z + 240. List the prime factors of z.
2, 5
Suppose -5*w - 48 - 32 = 0. Let x = w - -19. Suppose -k - 2*n = -41, -x*n = -2*k + 2*n + 46. List the prime factors of k.
3, 11
Let o be (12 - 12)*(2 + -1). Suppose o = -7*r + 10*r. Suppose r = -3*z + 4*d - 9*d + 156, 3*d - 260 = -5*z. List the prime factors of z.
2, 13
Suppose -5*x = 395 + 525. Let p be x/(-6)*(-15)/(-10). Suppose -3*t = -t - p. What are the prime factors of t?
23
Let m(z) = 3*z**3 - z - 5*z - 2 - 264*z**2 + 269*z**2. What are the prime factors of m(2)?
2, 3, 5
Let z be (1 - 3)*(-12)/(-24). Let d be 0/1*z + 6. What are the prime factors of 12/d + (13 - 1)?
2, 7
Suppose 3*w + 0*w = 18. Suppose 0 = w*c - c - 5*o - 415, -3*c + 4*o + 250 = 0. List the prime factors of c.
2, 41
What are the prime factors of (-8)/4*(-1884)/8?
3, 157
What are the prime factors of (2/(-4))/(2 + 4058/(-2028))?
3, 13
List the prime factors of -29*((-6)/(-6) - 2).
29
Let d(q) = 1 + 2 - 9*q - 1 - 2*q**2 + 0*q. Let y be d(-5). List the prime factors of 10/30 - 128/y.
43
What are the prime factors of (-20702)/(-14) + ((-936)/(-91) - 10)?
3, 17, 29
Suppose 0 = k - 7 - 32. Let a = k - -22. List the prime factors of a.
61
Let h = -12 + 153. What are the prime factors of h?
3, 47
Let a = 921 - 691. List the prime factors of a.
2, 5, 23
Suppose -137*h + 121*h + 4992 = 0. What are the prime factors of h?
2, 3, 13
Let w = 67 - 64. Let j(y) = 9*y**2 + 2*y - 6. List the prime factors of j(w).
3
List the prime factors of 1079/3*(32 + -29).
13, 83
Let i be ((-3)/9 + 3/9)/2. Suppose 0 = -i*x + 2*x - 2, -z - 2*x = -63. List the prime factors of z.
61
Let a(v) = 92*v - 127. List the prime factors of a(9).
701
Suppose m = -10 - 2. Let k(c) = 19*c - 6. Let x be k(m). List the prime factors of ((-2)/(-3))/((-12)/x).
13
Let y(u) = -u**3 + 3*u**2 + 11*u + 5. Let w be y(5). Suppose -15*t = -w*t - 380. Suppose -4*x + 2*x = -t. List 